-22)/l?
5
Let y = 79 - 44. Let z = 52 - y. What are the prime factors of z?
17
Let h be (0/(-5 + 2))/(-1). Suppose 2*a - 50 = -h. List the prime factors of a.
5
Let b = -6 + 7. Let k be (b - 0) + -46 + 0. Let v = -31 - k. List the prime factors of v.
2, 7
Let u(i) = -33*i - 33. Let c(g) = -8*g - 8. Let p(x) = 21*c(x) - 5*u(x). Let q be p(-5). Suppose 3 = 5*m - q. What are the prime factors of m?
3
Suppose -23 = -s - 5*f, -2*f + 20 + 10 = 2*s. Suppose -s = -r + 1. What are the prime factors of r?
2, 7
Suppose -5*t + 11 = s, -2*t - t + 3*s = -21. Suppose 4*m - 112 = -4*w, 10*m + w - 148 = 5*m. Suppose -t = -3*o + m. List the prime factors of o.
11
Let w = -345 + 540. What are the prime factors of w?
3, 5, 13
Let y(j) = j**2 - 8*j + 4. Let q be y(5). Let r = -8 - q. Suppose r*l - 2*h - 12 = 11, 3*l - 5*h = 8. What are the prime factors of l?
11
Suppose 0 = -3*b - 2*b + 10. Suppose 2*y + 3*y - 3*f = 36, -y + b = 2*f. List the prime factors of 2/y - (-96)/9.
11
Suppose 14*j - 60 = 9*j. What are the prime factors of j?
2, 3
Let r(k) = k + 7. Let q be r(-6). Suppose 25 - 5 = 2*u. Suppose 4*t = -p + u, p = -t + 11 - q. What are the prime factors of p?
2, 5
Let x = -3 - -5. Let c = 5 - x. Suppose 4 = c*d - d. List the prime factors of d.
2
Let f(v) = v**2 - 2*v - 4. Let j be f(4). Let x = 24 - j. What are the prime factors of x?
2, 5
Let f(y) = y**3 + 2*y**2 - 4*y + 2. List the prime factors of f(2).
2, 5
Let b = -181 + 340. List the prime factors of b.
3, 53
Let f(h) = h**2 + 11*h - 61. What are the prime factors of f(-17)?
41
List the prime factors of ((-3)/2)/(1 - (-429)/(-426)).
3, 71
Suppose -4*v = -2*q + 48, 5*q - 103 = q + v. Let j = -17 + q. What are the prime factors of j?
3
Let m = 8 - 5. Let f be -1 - 3/m*-1. Suppose -y + 0 + 12 = f. List the prime factors of y.
2, 3
Suppose -5*s + 14 = -126. Suppose s = 5*n - 2*j, 0 = 3*n - 0*j + 5*j + 8. Suppose 5*r - l = 12, -2*r + n*l + 18 = 3*r. List the prime factors of r.
2
What are the prime factors of 4 - 32/4 - -81?
7, 11
Suppose -a + 3*t = -303, -4*a - 6*t = -2*t - 1132. List the prime factors of a.
2, 3
Let v = 26 - -9. Suppose 7*i - 3*i = -x + 17, -5*x + v = -5*i. What are the prime factors of x?
3
Let g(l) = l**2 - 2*l + 4. List the prime factors of g(5).
19
Suppose -270 = -2*t - 0*t. What are the prime factors of t?
3, 5
Suppose 4*v + 3*l = 8 - 51, 4*l + 20 = 0. Let q be (-38)/(-1)*2/4. Let o = v + q. List the prime factors of o.
2, 3
Let l(x) = x + 7. Suppose -1 + 21 = 2*v. What are the prime factors of l(v)?
17
Let g be (-2)/4*2 - 13. List the prime factors of g/(-63) + (-68)/(-18).
2
Let a(u) = 2*u. Let c = -4 + 12. List the prime factors of a(c).
2
Suppose -4*r = -6 - 14. Suppose -5*j = r*t + 70, -4*j + 3*t - 65 = 4*t. Let m = 24 + j. What are the prime factors of m?
7
Let j(d) = -d**3 + 2*d**2 + 3*d. Let x be j(3). Suppose y - 5*y = x. Suppose y - 7 = -i. List the prime factors of i.
7
Let f(w) = w**2 - 3*w - 1. Let u be f(4). Suppose 0 = 2*y + u*t - 77, 0*y + 5*t = y - 19. Suppose 0 = 3*k - y + 7. What are the prime factors of k?
3
Let k be 1/(3/6)*1. Suppose k*c - 22 = 2. What are the prime factors of c?
2, 3
Suppose -4*a - 42 = -3*g - 2*g, -4*g = 5*a - 9. Let r = g + -4. List the prime factors of r.
2
Suppose 0 = 3*l + l. Suppose -3*m + 30 - 6 = l. List the prime factors of m + (1 - 2) - -2.
3
List the prime factors of 0 + (5*6)/2.
3, 5
Let j = -92 - -162. What are the prime factors of j?
2, 5, 7
Suppose -3*t = -7*t + 36. Let h = t + -7. What are the prime factors of (-5)/(-1) + (h - -1)?
2
Suppose p + 2*i = 6*p - 17, 0 = -2*p - i + 5. Suppose -p*g - 70 = -8*g. What are the prime factors of g?
2, 7
Let q be 0 + 2 - (-3 + -2 - -2). Suppose 3*b - 5*g = 4, g + 0 = -b + 4. Let y = b + q. What are the prime factors of y?
2
Suppose 0 = -6*z + 2*z + 20. Let g = 0 - 0. Suppose g = -5*m + 2*t + t + 89, -z*t = -m + 31. What are the prime factors of m?
2
Suppose 3*w - 5 = -a + 5, -2*a - 2*w + 24 = 0. Suppose 0*v - 2 = 2*v, -v = 2*f + a. What are the prime factors of (-3 - 2)/(3/f)?
2, 5
Let l(d) = d**3 + 6*d**2 + 4*d. Let k be l(-5). Suppose -u - 72 = -k*z - 2*u, z = -u + 12. What are the prime factors of z?
3, 5
Suppose -3*y + 1 = -5. Suppose 27 = y*x + 5. Suppose -o + x = 2. List the prime factors of o.
3
Let h be -3 - (-50 - -3) - -1. Suppose 5*s - h = -0*s. List the prime factors of (-1)/(3 + (-28)/s).
3
Let i = 5 - 2. Suppose -3*u + i = -4*j, j + 4*u - 2 = 21. Suppose j + 6 = 3*z. List the prime factors of z.
3
Suppose -2*k + 5*k - 162 = -3*f, 5*f + 94 = 2*k. Suppose k + 16 = 4*h. List the prime factors of h.
17
Let b be (-1)/(-5) + (-16)/5. Let g = b - -7. What are the prime factors of g?
2
Let x(n) = 2*n**2 - 2. Let w be x(-3). Suppose 4*i = 2*d + w, 2*i - 2*d - 4 - 6 = 0. What are the prime factors of i?
3
Suppose 10*h = 7*h + 6. Suppose h*v = -0*v - q, 3*v + 5*q = 14. What are the prime factors of 74/4 + (-1)/v?
19
Suppose 0 = -3*b + 2 + 1. Suppose 0 = -2*v - b - 19. List the prime factors of (-208)/(-20) + 4/v.
2, 5
Let b = -1 + 4. Let z be b/(-1 + (-10)/(-4)). Suppose m + 3*t = 8, -4*m + 38 = z*t + 6. What are the prime factors of m?
2
Let u(z) = z**2. Let f be u(2). Suppose f*p = -3*q - p + 96, 4*q - 102 = 2*p. List the prime factors of q.
3
What are the prime factors of (4/(-6))/(20/(-1110))?
37
Let c(v) = 15*v**2 - 8*v + 3. What are the prime factors of c(2)?
47
Let k(p) = 12*p + 2. Let t be k(1). Suppose -t = -z - 4. List the prime factors of z.
2, 5
Let c(v) = -v + 5. Let f be c(0). Suppose 40 + 40 = f*q. List the prime factors of q.
2
Suppose -2499 = -22*s + 1747. List the prime factors of s.
193
Suppose 3*v = c - 15, -5*c - 4*v = -6*c + 19. Suppose c*f = -f + 16. Suppose 4*t - 4*k = 72, -7 = -t - f*k + 16. What are the prime factors of t?
19
Let x = 4 + -4. Suppose x = -2*u + 3*u + 28. Let o = -16 - u. List the prime factors of o.
2, 3
Suppose -3*p - p - 5*j + 41 = 0, 0 = 5*p + 3*j - 35. Let f(o) = o**3. Let m be f(2). Suppose p*c - 24 = m. What are the prime factors of c?
2
Let i be (40/(-3))/(6/27). Let t = 135 + i. Suppose 0*v + t = 5*v. List the prime factors of v.
3, 5
Let a(j) = -3*j**2 - 3*j - 2*j**2 + 6*j**2 - 3 + 4*j**2 - j**3. List the prime factors of a(3).
2, 3
Suppose -4*q - 3*b = b - 56, 4*q + b = 47. List the prime factors of q - (4/(-1) - -2).
13
Let n = 6 - -7. List the prime factors of n.
13
Let p(g) = -g**3 + 5*g**2 + 7*g + 9. Let m be p(6). Suppose 0 = -o + 2*r + 4, m + 11 = 5*o - 4*r. What are the prime factors of o?
2, 3
Let w = -80 - -123. List the prime factors of w.
43
Let h = 21 + 22. List the prime factors of h.
43
Let o(q) = 4*q**3 - 4*q**2 + 2*q + 2. Suppose -9 = 3*y - 15. What are the prime factors of o(y)?
2, 11
Let o = 29 + -10. Suppose -w + 2*w = h + o, 4*w + 4*h = 52. What are the prime factors of w?
2
Let t be 1/5 - 74/(-5). Let h = -4 + 9. Suppose -5 - t = -h*p. What are the prime factors of p?
2
Let h(o) = -o**2 - 8*o - 5. Let z(s) = 3*s - 4. Let v be z(-4). Let r be 18/8*v/6. List the prime factors of h(r).
7
Let z(o) be the third derivative of o**5/60 - o**4/8 - o**3/3 - 2*o**2. What are the prime factors of z(5)?
2
Let b(y) = -2*y + 1. Let c be b(6). Let x = c - -23. List the prime factors of x.
2, 3
Let p be (0 + 1)*22 + 3. Let w = p - 13. List the prime factors of w.
2, 3
Suppose -l = -4 - 2. List the prime factors of (0 - -3)/l*24.
2, 3
Suppose -4*h - 4*g + 24 = 0, 2*h + 3*g - 16 + 0 = 0. Suppose -6*v + 2*v - 72 = -5*a, h*v - 36 = -2*a. What are the prime factors of a?
2
Let y = 47 + -92. List the prime factors of (-12)/(-10)*y/(-6).
3
Suppose -i - 8 + 106 = 0. List the prime factors of i.
2, 7
Let k be (-6)/2*12/9. Let o = k + 20. What are the prime factors of o?
2
Suppose 15 = 2*d - 5*w, 4*w + 4 = d - 5. Let v(f) = f**3 - 6*f**2 + 5*f - 2. Let n be v(5). Let a = d + n. List the prime factors of a.
3
Let x(q) = q + 5. Let j be x(-6). Let f = 3 + j. List the prime factors of f.
2
Let d = -9 - -15. List the prime factors of (d - 9) + 24*2.
3, 5
Let h = 3 - -2. Suppose -3*s - 6 = -h*s. List the prime factors of s/(-10)*-4*5.
2, 3
Suppose 0*v + v = 7. Let k = v + -2. What are the prime factors of k?
5
Suppose 0 = -5*u + 2 + 93. Let i = u - 16. What are the prime factors of i?
3
Suppose 0*n + 2*n - 8 = 0. Suppose 0*l - n*l = -24. Suppo